{"id":189,"date":"2018-04-06T13:11:00","date_gmt":"2018-04-06T11:11:00","guid":{"rendered":"http:\/\/tierpension-garding.de\/?page_id=189"},"modified":"2022-05-11T11:35:49","modified_gmt":"2022-05-11T09:35:49","slug":"infos-preise","status":"publish","type":"page","link":"https:\/\/tierpension-garding.de\/?page_id=189","title":{"rendered":"Infos + Preise"},"content":{"rendered":"<p style=\"color: #990000;\"><strong>Die Kleintierpension im Herzen Eiderstedts\u00a0<\/strong><br \/>\nSeit 2012 betreue ich vornehmlich Katzen in meiner kleinen Tierpension in Garding. Ich habe mittlerweile zahlreiche Stammkunden gewinnen k\u00f6nnen, die ihre Tiere gern bei mir unterbringen. Es hat sich herumgesprochen, dass die Katzenpension in Garding eine erstklassige Adresse f\u00fcr Nordfriesland und Dithmarschen ist. Fordern Sie gern mein Infoblatt an, das alle Fragen zur Unterbringung beantwortet.Das Wichtigste in K\u00fcrze<\/p>\n<ul>\n<li>spezialisiert auf Katzen<\/li>\n<\/ul>\n<ul>\n<li>Hunde kann ich leider nicht aufnehmen<\/li>\n<\/ul>\n<ul>\n<li>gem\u00fctliche Unterbringung in privater Atmosph\u00e4re<\/li>\n<\/ul>\n<ul>\n<li>art- und fachgerechte Betreuung<\/li>\n<\/ul>\n<ul>\n<li>Nacht- und Notdienst, jederzeit erreichbar<\/li>\n<\/ul>\n<ul>\n<li>auf Wunsch Vor-Ort-Versorgung bei Ihnen zu Hause (pet sitting)<\/li>\n<\/ul>\n<ul>\n<li>Kleintiertransporte<\/li>\n<\/ul>\n<h2 style=\"color: #990000;\">Preise<\/h2>\n<ul>\n<li><strong>1 Katze: 12 \u20ac pro Tag<\/strong><br \/>\n<strong>2 Katzen: 18 \u20ac pro Tag<\/strong><br \/>\n<strong>(An- und Abreisetag z\u00e4hlen als zwei Tage)<\/strong><\/li>\n<li><strong>Hausbetreuung: 12 \u20ac Grundpreis zzgl. Fahrtkosten (60 ct\/km)<\/strong><\/li>\n<li><strong>Erh\u00f6hter Betreuungsaufwand (z.B. aufwendige Medikamentengabe, s.c.-Spritzen, Isolierhaltung) wird mit dem 1,5-fachen Tagessatz bzw. bei Einzelleistungen nach Aufwand abgerechnet<\/strong><\/li>\n<li><strong>Tierarzttermine werden nach Stundensatz (24 \u20ac) und Kilometern (60ct\/km) berechnet<\/strong><\/li>\n<\/ul>\n<p><i>Alle angegebenen Preise sind Endpreise.<br \/>\nAufgrund des Kleinunternehmerstatus gem. \u00a7 19 UStG erhebe ich keine<br \/>\nUmsatzsteuer und weise diese daher auch nicht aus.<\/i><\/p>\n<p>Terminabsprache<br \/>\nF\u00fcr Anfragen und Reservierungen rufen Sie mich gern an oder nutzen das Kontaktformular rechts, Sie erreichen mich unter 04862-2019749 \/ E-Mail: andreas@tierpension-garding.de.<\/p>\n<h3 style=\"text-align: left;\"><b>Besuche bitte nur nach Terminabsprache.<\/b><\/h3>\n<div><\/div>\n<h3 style=\"text-align: left;\">Reservierungen<br \/>\nReservierungen sind f\u00fcr beide Seiten verbindlich. Bitte reservieren Sie erst, wenn Sie sich sicher sind, dass Sie Ihr Tier bei mir unterbringen m\u00f6chten. Ich schicke Ihnen, wenn wir einen Termin bzw. Zeitraum vereinbart haben, ein Reservierungsformular, das Sie bitte unterschrieben an mich zur\u00fccksenden. Stornierungen sind nicht kostenfrei m\u00f6glich. Wenn sich also doch am Tag vor der Abreise pl\u00f6tzlich ein Nachbar bereit erkl\u00e4rt, auf Ihr Tier aufzupassen, m\u00fcssen Sie 90% der Kosten f\u00fcr die vereinbarten Tage trotzdem bezahlen.<br \/>\n(Ich habe lange gehofft, ohne solch strenge Regelung auszukommen, doch ich habe durch un\u00fcberlegte Buchungen und kurzfristige Absagen (oder auch: es wird gar nicht abgesagt, es kommt einfach niemand) schon viel \u00c4rger und Einnahmeverluste gehabt. Es ist au\u00dfer bei meinen Stammkunden, nicht mehr anders m\u00f6glich. Ich bitte um Ihr Verst\u00e4ndnis).<\/h3>\n<p><span style=\"color: #993300;\"><strong>Copyright<\/strong><\/span><\/p>\n<p>Alle Inhalte dieses Blogs, insbesondere Texte, Fotografien und Grafiken, sind urheberrechtlich gesch\u00fctzt. Das Urheberrecht liegt, soweit nicht ausdr\u00fccklich anders gekennzeichnet, bei Andreas Reucher M.A.. Bitte fragen Sie mich, falls Sie die Inhalte dieses Internetangebotes verwenden m\u00f6chten.<\/p>\n<p><span id=\"copyrighthinweis_cc\">Unter der \u201eCreative Commons\u201c-Lizenz\u201c\u00a0ver\u00f6ffentlichte Inhalte, sind als solche gekennzeichnet. Sie d\u00fcrfen entsprechend den angegebenen Lizenzbedingungen verwendet werden.<\/span><\/p>\n<p>Wer gegen das Urheberrecht verst\u00f6\u00dft (z.B. Bilder oder Texte unerlaubt kopiert), macht sich gem.\u00a0\u00a7\u00a7 <a title=\"\u00a7 106 UrhG: Unerlaubte Verwertung urheberrechtlich gesch\u00fctzter Werke\" href=\"https:\/\/dejure.org\/gesetze\/UrhG\/106.html\">106<\/a> ff UrhG\u00a0strafbar, wird zudem kostenpflichtig abgemahnt und muss Schadensersatz leisten (\u00a7\u00a0<a title=\"\u00a7 97 UrhG: Anspruch auf Unterlassung und Schadensersatz\" href=\"https:\/\/dejure.org\/gesetze\/UrhG\/97.html\">97<\/a> UrhG).<\/p>\n<div style=\"color: #990000;\">Die Tier-Pension im Gr\u00fcnen<\/div>\n<div class=\"separator\" style=\"clear: both; text-align: center;\"><a style=\"clear: left; float: left; margin-bottom: 1em; margin-right: 1em;\" href=\"http:\/\/2.bp.blogspot.com\/-lTYuuBvKfXg\/T79DNuAbVPI\/AAAAAAAAAZU\/BmY0LDMxP2Y\/s1600\/b-IMG_0873.jpg\"><img loading=\"lazy\" decoding=\"async\" title=\" \" src=\"http:\/\/tierpension-garding.de\/wp-content\/uploads\/2018\/04\/b-IMG_0873.jpg\" width=\"400\" height=\"400\" border=\"0\" \/><\/a><\/div>\n<div><\/div>\n<div><\/div>\n","protected":false},"excerpt":{"rendered":"<p>Die Kleintierpension im Herzen Eiderstedts\u00a0 Seit 2012 betreue ich vornehmlich Katzen in meiner kleinen Tierpension in Garding. Ich habe mittlerweile zahlreiche Stammkunden gewinnen k\u00f6nnen, die ihre Tiere gern bei mir unterbringen. Es hat sich herumgesprochen, dass die Katzenpension in Garding &hellip; <a href=\"https:\/\/tierpension-garding.de\/?page_id=189\">Weiterlesen <span class=\"meta-nav\">&rarr;<\/span><\/a><\/p>\n","protected":false},"author":1,"featured_media":0,"parent":0,"menu_order":0,"comment_status":"closed","ping_status":"closed","template":"","meta":{"footnotes":""},"class_list":["post-189","page","type-page","status-publish","hentry"],"_links":{"self":[{"href":"https:\/\/tierpension-garding.de\/index.php?rest_route=\/wp\/v2\/pages\/189","targetHints":{"allow":["GET"]}}],"collection":[{"href":"https:\/\/tierpension-garding.de\/index.php?rest_route=\/wp\/v2\/pages"}],"about":[{"href":"https:\/\/tierpension-garding.de\/index.php?rest_route=\/wp\/v2\/types\/page"}],"author":[{"embeddable":true,"href":"https:\/\/tierpension-garding.de\/index.php?rest_route=\/wp\/v2\/users\/1"}],"replies":[{"embeddable":true,"href":"https:\/\/tierpension-garding.de\/index.php?rest_route=%2Fwp%2Fv2%2Fcomments&post=189"}],"version-history":[{"count":9,"href":"https:\/\/tierpension-garding.de\/index.php?rest_route=\/wp\/v2\/pages\/189\/revisions"}],"predecessor-version":[{"id":834,"href":"https:\/\/tierpension-garding.de\/index.php?rest_route=\/wp\/v2\/pages\/189\/revisions\/834"}],"wp:attachment":[{"href":"https:\/\/tierpension-garding.de\/index.php?rest_route=%2Fwp%2Fv2%2Fmedia&parent=189"}],"curies":[{"name":"wp","href":"https:\/\/api.w.org\/{rel}","templated":true}]}}